?
2
Let r(q) be the second derivative of 7/2*q**2 - 1/20*q**5 + 7*q + 2/3*q**4 + 0 + 1/6*q**3. What is the tens digit of r(8)?
1
Suppose 7*g - 26*g + 6004 = 0. Suppose -3*w + 3*l + 384 = 0, -4*l - 30 = 2*w - g. What is the tens digit of w?
3
Let m(l) = -l + 1 + 0 + 123*l**3 - l - 17*l**3. What is the hundreds digit of m(1)?
1
Let u = 3395 - -733. What is the thousands digit of u?
4
Suppose -3*z = -5*d - 0*z + 320, -3*d + 226 = 5*z. Let r = 168 - d. What is the hundreds digit of r?
1
Let d(c) = c**2 - 13*c + 20. What is the hundreds digit of d(-31)?
3
Let l = 110 + -64. Suppose 57 + 21 = 4*s + 3*x, 2*s - l = 2*x. What is the units digit of s?
1
Suppose 3*l + 12 = 4*c, 0 = 2*l - c + 3*c - 6. Let i be (-4 - (l - -8))*1. Let t = 44 - i. What is the tens digit of t?
5
What is the thousands digit of ((-60)/(-3))/(-10) + 3220?
3
Let k(t) = 1873*t + 72. What is the thousands digit of k(2)?
3
Let a(u) = -120*u**3 + u**2 + u. Let b be a(-1). Let k = -25 + b. What is the tens digit of k?
9
Suppose -4*p + 4425 = 21*p. What is the hundreds digit of p?
1
Suppose -4*w - 5*z = 76, -29 + 86 = -3*w - 3*z. Let r(b) = -b**2 - 28*b - 46. What is the hundreds digit of r(w)?
1
Suppose -5*p + 400 = -3*v + 6*v, p = -v + 132. What is the hundreds digit of v?
1
Let r = -38 + 58. Suppose 0 = -r*x + 22*x - 86. What is the units digit of x?
3
Let g(n) = n**3 + 3*n**2 - 6*n - 2. Let x be g(-4). Suppose 5*t + 3 = 3*l, -24 + x = -l - 4*t. What is the units digit of (2 - -1 - 4) + l?
5
Let x = 1541 + -890. What is the units digit of x?
1
Let u be ((-10)/(-15))/(2*2/(-30)). What is the units digit of u/((-10)/156) + (-3)/3?
7
Suppose -4*i - 3*o - 28 = 0, 5 - 26 = 3*i + 5*o. Let n(h) be the first derivative of -h**4/4 - 7*h**3/3 - 2*h**2 - 7*h + 2. What is the tens digit of n(i)?
2
Let s = 543 + -547. Let q = 1012 + -1508. What is the units digit of q/40*10/s?
1
Let l(t) = t**2. Let o be l(-2). What is the units digit of 25 + -4 + 4 + o?
9
Suppose -2609 = -4*s + 5*i, 0 = 3*s + 3*i - 527 - 1423. What is the units digit of s?
1
What is the units digit of (12/4 - 1)*(-3010)/(-5)?
4
Let w(o) = 2*o + 0*o + 0 - 3 - 4. Let f be w(6). Let u = f + 12. What is the tens digit of u?
1
Suppose -674*k = -673*k - 699. What is the hundreds digit of k?
6
Suppose 136*i = 39*i + 384217. What is the hundreds digit of i?
9
Suppose 4*m = 3*o - 765, 0 = 5*o + 4*m + 363 - 1606. What is the units digit of o?
1
Suppose 2*x = 4*n + 2 - 16, -x = -4*n + 17. Suppose n*q - 6 = 2*q. Suppose 7 - 3 = q*j. What is the units digit of j?
2
Let i = 1389 + -633. What is the hundreds digit of i?
7
Let m = -22 + 25. What is the units digit of m/3*-3 + 22?
9
Suppose -4*z - 5*y = -7*y - 1264, 5*z - 1598 = -2*y. What is the hundreds digit of z?
3
Suppose -6*c - 2*j = -2*c - 14, -c + 2*j - 4 = 0. What is the units digit of c + 4/(-2)*(-79)/2?
1
Suppose -3*t - t + 4 = 0. Let g(m) = 106*m**2 + 3*m - 3. What is the tens digit of g(t)?
0
Let o be ((-10)/20)/((-2)/24). Let b(s) = -4*s**2 - 7*s - 9. Let u(x) = -7*x**2 - 13*x - 18. Let q(d) = o*u(d) - 11*b(d). What is the tens digit of q(6)?
5
Suppose 0 = -2*u + v - 51, 0*u + 5*u = v - 135. What is the units digit of 11/(-22)*u*(-13)/(-2)?
1
Suppose 1730 + 8860 = 15*z. What is the hundreds digit of z?
7
Let q(h) = -h**3 + 18*h + 49. What is the tens digit of q(-10)?
6
Suppose x - 6 - 26 = 0. Suppose -v = 2*a - x, v - 80 = -5*a - v. What is the tens digit of a?
1
Let p(n) = -8*n + 1. Let y = -18 - -20. Suppose -5 = h - y. What is the units digit of p(h)?
5
Suppose -9*c = -0*c + 27. Let a(m) be the first derivative of -7*m**2/2 - 2*m - 1. What is the units digit of a(c)?
9
Suppose -b + 472 = n + 2*b, 0 = 2*n + b - 919. What is the hundreds digit of n?
4
Let l(d) = d. Let t be l(1). Suppose 3*c + 6 = 0, 27 = j - 3*c - t. What is the tens digit of j?
2
Let z(p) = p + 8. Suppose 2*w - w = 14. Let i = w + -20. What is the units digit of z(i)?
2
Suppose -42*w + 5588 = 1010. What is the units digit of w?
9
Let p(h) = -h**3 - 27*h**2 - 10*h + 37. What is the hundreds digit of p(-28)?
1
Let w(b) = -b**2 - 18*b + 12. Let u be w(-18). What is the tens digit of (-32)/((u/9)/(-2))?
4
What is the units digit of (3/(-2))/((-442603)/(-55328) + -8)?
2
Suppose 2*q + 40 = -2*q + 4*i, -11 = 2*q + i. Let j(p) = p - 54. Let n be j(0). What is the units digit of -1 - q/((-14)/n)?
6
Let c = -95 - -167. Let f = 113 - c. What is the tens digit of f?
4
Suppose 4*g - 45 = 2*w - 1, 0 = 4*g - 20. Let f = 129 + -105. Let j = f + w. What is the tens digit of j?
1
Suppose -30 = -0*a + 5*a. Let g(j) = -31*j**2 - 4*j - 5. Let x(k) = 23*k**2 + 4*k + 6. Let o(s) = -3*g(s) - 4*x(s). What is the units digit of o(a)?
1
Suppose 0 = 4*r - n - 1217, -5*n + 175 = 4*r - 1036. What is the hundreds digit of r?
3
Let j(h) = 199*h**2 + h + 2. Let i be j(2). What is the units digit of i/30 - (-4)/(-6)?
6
Let z(q) = 171*q - 1059. What is the units digit of z(12)?
3
Let p be (1 + -2)/(2/28). Let i be p/(-35) + (-33)/(-5). Let d(g) = -g**3 + 8*g**2 - 5*g + 9. What is the tens digit of d(i)?
2
Suppose 3*c + 2720 = 20*c. What is the hundreds digit of c?
1
Let z(q) = q**2 - 2*q + 18. Let g be z(0). Suppose g*w - 4 = 16*w. Suppose 2*u + 2*l + w = 4, 0 = 2*u + 4*l + 8. What is the units digit of u?
6
Suppose 8 = r + 4. Let k be ((-54)/(-3))/(2/3). Let a = k - r. What is the units digit of a?
3
Suppose 9*n - 259 = 10*n. Let h = -161 - n. What is the tens digit of h?
9
Suppose -2*f + 1 - 5 = 0. Let v be f/((-22)/(-10) + -2). What is the tens digit of v/(-45) - 939/(-27)?
3
Suppose -4*m - 85 = 2*c - 5*c, 27 = -m - 5*c. Let q = 148 - m. Suppose -6*h + h + q = 0. What is the tens digit of h?
3
Let r(t) = -t**2 - 12*t + 4. Let x be r(-10). Suppose -j = -4*m + 51, x + 15 = 3*m - j. Suppose -v - v = -m. What is the units digit of v?
6
Let h(v) = 12*v - 10. Let i(x) = -x + 1. Let c(t) = h(t) + 5*i(t). Let b be c(2). Suppose -4*d - 90 = -b*d. What is the units digit of d?
8
Let j = 18 + 23. Let r = 68 - j. What is the units digit of r?
7
What is the tens digit of (367248/(-27))/(-8) - (-2)/(-9)?
0
Suppose 10*h - 9*h = 7. Suppose -h*l - 9*l = -1616. What is the tens digit of l?
0
Let p = 332 + -116. Suppose -424 - p = -10*u. What is the tens digit of u?
6
Let y(p) = -p + 6. Let t(i) = -i**3 + 5*i**2 + 8*i - 2. Let q be t(6). Let r be 12/10*q/3. What is the units digit of y(r)?
2
Let v(b) = 5*b + 8. Let t be v(-7). Let k = -11 - t. Suppose 344 - k = 4*l. What is the tens digit of l?
8
Suppose 0*g = -4*g - 124. Let l(c) = -c + 2. Let o be l(7). Let x = o - g. What is the units digit of x?
6
Let k = -168 + 459. What is the hundreds digit of k?
2
Suppose 5*c = 3*z + 4*c - 878, 572 = 2*z + 2*c. What is the tens digit of z?
9
Let i(v) = 2*v**2 - 13*v + 19. Let p be 2 + 3 + (-4)/(-2). What is the tens digit of i(p)?
2
Let a be (-54)/(-5)*(-20)/(-6). Suppose -3*o - 2*o - m + 84 = 0, -m + a = 2*o. What is the tens digit of o?
1
Let q = -808 - -1277. What is the tens digit of q?
6
Let p(w) = -16*w**3 + 3*w**2 + w + 4. What is the units digit of p(-3)?
0
Suppose -2*x + g = -3*g + 10, -5*x + 3*g = 32. What is the units digit of (34/4)/(x/(-28))?
4
Let l(b) = -b**2 - 8*b + 2. Let t be l(-8). Suppose -t*d + 3 = -1. Suppose -d*a + o + 3*o = -12, 5*o - 27 = -a. What is the units digit of a?
2
Suppose -b + 5*v + 8 = 0, 4*b + 3*v = -0 + 32. Let o(f) = -f**2 - 5*f - 4. Let s be o(-5). Let t = b + s. What is the units digit of t?
4
Suppose 3*c = 2*b + 23, -2*b - 4*c = -3*c + 19. Let w be 16/b*(-225)/18. What is the tens digit of ((-95)/38)/((-2)/w)?
2
Suppose 2*m - 4 = 10. Let u = m + 60. Let f = u + -39. What is the units digit of f?
8
Suppose 6*m + 2015 = 8*m - 3*f, -f = -3*m + 3005. What is the hundreds digit of m?
0
Suppose -3*s - s + 4*k + 580 = 0, 3*s + k = 415. What is the units digit of s?
0
Suppose -5*u - 5*i = -6*i - 13, -3*u - 1 = -5*i. Suppose -u*k - 6*k + 675 = 0. What is the tens digit of k?
7
Let r = 14 + -12. Suppose -p - 4*o = -31, -2*o = r*p + 3*p - 173. Suppose 4*v - 5 = b - p, -b = -3*v - 31. What is the tens digit of b?
3
Suppose -4*k + 1296 = 2*t, 4*k - 858 = -t - 220. What is the tens digit of t?
5
Suppose 74 = 8*c - 158. Suppose 0 = c*g - 31*g + 150. What is the units digit of g?
5
Let v(m) be the first derivative of 5 - 5*m + 2*m + 0*m**2